{"id":988064,"date":"2025-07-30T20:03:44","date_gmt":"2025-07-30T20:03:44","guid":{"rendered":"https:\/\/agilautoparts.fr\/?page_id=988064"},"modified":"2025-09-13T07:37:17","modified_gmt":"2025-09-13T07:37:17","slug":"rgpd","status":"publish","type":"page","link":"https:\/\/agilautoparts.fr\/fr\/rgpd\/","title":{"rendered":"RGPD"},"content":{"rendered":"<div data-elementor-type=\"wp-page\" data-elementor-id=\"988064\" class=\"elementor elementor-988064\" data-elementor-post-type=\"page\">\n\t\t\t\t\t\t<section class=\"elementor-section elementor-top-section elementor-element elementor-element-4899a59 elementor-section-boxed elementor-section-height-default elementor-section-height-default\" data-id=\"4899a59\" data-element_type=\"section\">\n\t\t\t\t\t\t<div class=\"elementor-container elementor-column-gap-no\">\n\t\t\t\t\t<div class=\"elementor-column elementor-col-100 elementor-top-column elementor-element elementor-element-f9ba5c8\" data-id=\"f9ba5c8\" data-element_type=\"column\">\n\t\t\t<div class=\"elementor-widget-wrap elementor-element-populated\">\n\t\t\t\t\t\t<div class=\"elementor-element elementor-element-632a45a elementor-widget elementor-widget-text-editor\" data-id=\"632a45a\" data-element_type=\"widget\" data-widget_type=\"text-editor.default\">\n\t\t\t\t<div class=\"elementor-widget-container\">\n\t\t\t\t\t\t\t\t\t\n<div style=\"text-align: center;\"><strong>REGISTRE DE TRAITEMENT DES DONNEES PERSONNELLES<\/strong><\/div>\n<div>\u00a0<\/div>\n<div>D\u00e9tails du contact:<\/div>\n<div>Nom de l&#8217;entreprise: AGIL AUTOPARTS, 1B Avenue Fran\u00e7ois Mitterrand , 28500 Vernouillet, 1B Avenue Fran\u00e7ois Mitterrand mail: contact@agilautoparts.com, n \u00b0 de t\u00e9l\u00e9phone: +33617728441<\/div>\n<div>\u00a0<\/div>\n<div>Responsable du traitement: Badr El ouahid , adresse mail : contact@agilautoparts.com, t\u00e9l : +33617728441<\/div>\n<div>\u00a0<\/div>\n<div>Activit\u00e9 de traitement des donn\u00e9es r\u00e9guli\u00e8res:<\/div>\n<div>Cat\u00e9gories de donn\u00e9es personnelles: adresse mail, num\u00e9ro de t\u00e9l\u00e9phone nom entreprise, nom<\/div>\n<div>Cat\u00e9gorie de personnes concern\u00e9es: Visiteurs<\/div>\n<div>Base de traitement: une obligation l\u00e9gale<\/div>\n<div>Finalit\u00e9 du traitement: gestion d&#8217;une prestation de service<\/div>\n<div>Destinataire des donn\u00e9es : un service interne de mon entreprise<\/div>\n<div>Dur\u00e9e de conservation des donn\u00e9es : 1 an<\/div>\n<div>Pr\u00e9cautions de s\u00e9curit\u00e9: Restriction d&#8217;acc\u00e8s \/ pr\u00e9 autorisation<\/div>\n<div>Activit\u00e9 de traitement des donn\u00e9es personnelles sensibles : Non<\/div>\n<div>Date de cr\u00e9ation du registre: 05 d\u00e9cembre 2022<\/div>\n<div>Date des mises \u00e0 jour : 5 d\u00e9cembre 2023<\/div>\n\t\t\t\t\t\t\t\t<\/div>\n\t\t\t\t<\/div>\n\t\t\t\t\t<\/div>\n\t\t<\/div>\n\t\t\t\t\t<\/div>\n\t\t<\/section>\n\t\t\t\t<\/div>","protected":false},"excerpt":{"rendered":"<p>REGISTRE DE TRAITEMENT DES DONNEES PERSONNELLES \u00a0 D\u00e9tails du contact: Nom de l&#8217;entreprise: AGIL AUTOPARTS, 1B Avenue Fran\u00e7ois Mitterrand , 28500 Vernouillet, 1B Avenue Fran\u00e7ois Mitterrand mail: contact@agilautoparts.com, n \u00b0 de t\u00e9l\u00e9phone: +33617728441 \u00a0 Responsable du traitement: Badr El ouahid , adresse mail : contact@agilautoparts.com, t\u00e9l : +33617728441 \u00a0 Activit\u00e9 de traitement des donn\u00e9es r\u00e9guli\u00e8res:&#8230;<\/p>","protected":false},"author":3,"featured_media":0,"parent":0,"menu_order":0,"comment_status":"closed","ping_status":"closed","template":"","meta":{"footnotes":""},"class_list":["post-988064","page","type-page","status-publish","hentry"],"_links":{"self":[{"href":"https:\/\/agilautoparts.fr\/fr\/wp-json\/wp\/v2\/pages\/988064","targetHints":{"allow":["GET"]}}],"collection":[{"href":"https:\/\/agilautoparts.fr\/fr\/wp-json\/wp\/v2\/pages"}],"about":[{"href":"https:\/\/agilautoparts.fr\/fr\/wp-json\/wp\/v2\/types\/page"}],"author":[{"embeddable":true,"href":"https:\/\/agilautoparts.fr\/fr\/wp-json\/wp\/v2\/users\/3"}],"replies":[{"embeddable":true,"href":"https:\/\/agilautoparts.fr\/fr\/wp-json\/wp\/v2\/comments?post=988064"}],"version-history":[{"count":7,"href":"https:\/\/agilautoparts.fr\/fr\/wp-json\/wp\/v2\/pages\/988064\/revisions"}],"predecessor-version":[{"id":988094,"href":"https:\/\/agilautoparts.fr\/fr\/wp-json\/wp\/v2\/pages\/988064\/revisions\/988094"}],"wp:attachment":[{"href":"https:\/\/agilautoparts.fr\/fr\/wp-json\/wp\/v2\/media?parent=988064"}],"curies":[{"name":"wp","href":"https:\/\/api.w.org\/{rel}","templated":true}]}}

<div data-elementor-type="wp-page" data-elementor-id="988064" class="elementor elementor-988064" data-elementor-post-type="page">
						<section class="elementor-section elementor-top-section elementor-element elementor-element-4899a59 elementor-section-boxed elementor-section-height-default elementor-section-height-default" data-id="4899a59" data-element_type="section">
						<div class="elementor-container elementor-column-gap-no">
					<div class="elementor-column elementor-col-100 elementor-top-column elementor-element elementor-element-f9ba5c8" data-id="f9ba5c8" data-element_type="column">
			<div class="elementor-widget-wrap elementor-element-populated">
						<div class="elementor-element elementor-element-632a45a elementor-widget elementor-widget-text-editor" data-id="632a45a" data-element_type="widget" data-widget_type="text-editor.default">
				<div class="elementor-widget-container">
									
<div style="text-align: center;"><strong>REGISTRE DE TRAITEMENT DES DONNEES PERSONNELLES</strong></div>
<div> </div>
<div>Détails du contact:</div>
<div>Nom de l&#8217;entreprise: AGIL AUTOPARTS, 1B Avenue François Mitterrand , 28500 Vernouillet, 1B Avenue François Mitterrand mail: contact@agilautoparts.com, n ° de téléphone: +33617728441</div>
<div> </div>
<div>Responsable du traitement: Badr El ouahid , adresse mail : contact@agilautoparts.com, tél : +33617728441</div>
<div> </div>
<div>Activité de traitement des données régulières:</div>
<div>Catégories de données personnelles: adresse mail, numéro de téléphone nom entreprise, nom</div>
<div>Catégorie de personnes concernées: Visiteurs</div>
<div>Base de traitement: une obligation légale</div>
<div>Finalité du traitement: gestion d&#8217;une prestation de service</div>
<div>Destinataire des données : un service interne de mon entreprise</div>
<div>Durée de conservation des données : 1 an</div>
<div>Précautions de sécurité: Restriction d&#8217;accès / pré autorisation</div>
<div>Activité de traitement des données personnelles sensibles : Non</div>
<div>Date de création du registre: 05 décembre 2022</div>
<div>Date des mises à jour : 5 décembre 2023</div>
								</div>
				</div>
					</div>
		</div>
					</div>
		</section>
				</div>

<p>REGISTRE DE TRAITEMENT DES DONNEES PERSONNELLES   Détails du contact: Nom de l&#8217;entreprise: AGIL AUTOPARTS, 1B Avenue François Mitterrand , 28500 Vernouillet, 1B Avenue François Mitterrand mail: contact@agilautoparts.com, n ° de téléphone: +33617728441   Responsable du traitement: Badr El ouahid , adresse mail : contact@agilautoparts.com, tél : +33617728441   Activité de traitement des données régulières:&#8230;</p>
